{"id":53,"date":"2019-03-02T18:53:24","date_gmt":"2019-03-02T18:53:24","guid":{"rendered":"http:\/\/fischereigemeinschaft-roesrath.de\/?page_id=53"},"modified":"2019-06-27T12:40:56","modified_gmt":"2019-06-27T12:40:56","slug":"verein","status":"publish","type":"page","link":"https:\/\/fischergemeinschaft-roesrath.de\/?page_id=53","title":{"rendered":"Verein"},"content":{"rendered":"\n<div class=\"wp-block-image\"><figure class=\"aligncenter\"><img decoding=\"async\" loading=\"lazy\" width=\"300\" height=\"294\" src=\"https:\/\/fischergemeinschaft-roesrath.de\/wp-content\/uploads\/2019\/06\/logo_m.png\" alt=\"\" class=\"wp-image-279\"\/><\/figure><\/div>\n\n\n\n<p>Unsere \u201eFischergemeinschaft R\u00f6srath 1961 e. V.\u201c wurde bereits 1961 gegr\u00fcndet. Am 01.05.1961 beschlossen einige Angler aus R\u00f6srath sich zu einem Angelverein zusammenzuschlie\u00dfen. Durch Beschluss der ersten Mitgliederversammlung vom 23.07.1961 erhielt der Verein seinen Namen \u201eAngelsportverein Fr\u00fch-Auf R\u00f6srath 1961\u201c. <\/p>\n\n\n\n<p>Der Verein setzt sich seit dem vehement f\u00fcr die Verbesserung des Lebensraumes der Fische in der S\u00fclz eingesetzt. Beispielsweise f\u00fcr die Verbesserung der Wasserqualit\u00e4t, f\u00fcr Renaturierungen im S\u00fclztal und die Anbindungen von Nebengew\u00e4ssern und nicht zuletzt f\u00fcr die Wiedereinb\u00fcrgerung verschollener und ausgestorbener Langdistanz-Wanderfische, wie Lachs und Meerforelle. <\/p>\n\n\n\n<p>Der Ursprungs-Angelverein hatte als Pachtgew\u00e4sser die S\u00fclz bei R\u00f6srath, sowie ein Grundst\u00fcck nebst Bachlauf am Pestalozziweg. Dort erschufen die Mitglieder mit h\u00e4ndischer Arbeit drei Angelteiche, die daraufhin&nbsp;den Namen &#8222;Kalmusweiher&#8220; erhielten.<\/p>\n\n\n\n<p>Nach der Neufassung des Landesfischereigesetzes im Jahr 1978 und auf Grund eines weiteren, neuen Pachtvertrages f\u00fcr die S\u00fclz wurde die Maximalh\u00f6he auf 25 Anglern f\u00fcr das Flie\u00df-gew\u00e4sser S\u00fclz festgelegt. Aus diesem Grund teilte man den \u201eASV-Fr\u00fch Auf R\u00f6srath e.V.\u201c  auf. <\/p>\n\n\n\n<p>Es ergaben sich zwei selbst\u00e4ndige Vereine mit eigenen Vorst\u00e4nden, Satzungen und Gesch\u00e4ftsordnungen. Die S\u00fclz mit allen P\u00e4chtern der Pachtstrecken wurde durch eine Fischereigenossenschaft S\u00fclz bewirtschaftet und&nbsp;es darf an \u00f6ffentlichen Gew\u00e4ssern, wie die S\u00fclz, der Fischereischein nur an Personen erteilt werden, die eine Fischerpr\u00fcfung erfolgreich abgelegt haben. <\/p>\n\n\n\n<p>Durch diese Ver\u00e4nderungen wurde der Angelverein \u201eASV Fr\u00fch Auf R\u00f6srath e. V.\u201c in \u201eAngelsportgemeinschaft Kalmusweiher R\u00f6srath e.V.\u201c umbenannt. Dieser bewirtschaftet nur die Angelteiche in der Wahner Heide. <\/p>\n\n\n\n<p>Der neu gegr\u00fcndete Angelverein mit dem Gew\u00e4sser S\u00fclz wurde mit dem neuen Namen \u201eFischergemeinschaft R\u00f6srath 1961 e.V.\u201c  ins Vereinsregister eingetragen. Alle Mitglieder beherrschen die Disziplin des Fliegenfischens und \u00fcben diese beim Fischen am Vereinsgew\u00e4sser S\u00fclz aus. <\/p>\n\n\n\n<p><\/p>\n","protected":false},"excerpt":{"rendered":"<p>Unsere \u201eFischergemeinschaft R\u00f6srath 1961 e. V.\u201c wurde bereits 1961 gegr\u00fcndet. Am 01.05.1961 beschlossen einige Angler aus R\u00f6srath sich zu einem Angelverein zusammenzuschlie\u00dfen. Durch Beschluss der ersten Mitgliederversammlung vom 23.07.1961 erhielt [&hellip;]<\/p>\n","protected":false},"author":1,"featured_media":0,"parent":0,"menu_order":0,"comment_status":"closed","ping_status":"closed","template":"","meta":[],"_links":{"self":[{"href":"https:\/\/fischergemeinschaft-roesrath.de\/index.php?rest_route=\/wp\/v2\/pages\/53"}],"collection":[{"href":"https:\/\/fischergemeinschaft-roesrath.de\/index.php?rest_route=\/wp\/v2\/pages"}],"about":[{"href":"https:\/\/fischergemeinschaft-roesrath.de\/index.php?rest_route=\/wp\/v2\/types\/page"}],"author":[{"embeddable":true,"href":"https:\/\/fischergemeinschaft-roesrath.de\/index.php?rest_route=\/wp\/v2\/users\/1"}],"replies":[{"embeddable":true,"href":"https:\/\/fischergemeinschaft-roesrath.de\/index.php?rest_route=%2Fwp%2Fv2%2Fcomments&post=53"}],"version-history":[{"count":5,"href":"https:\/\/fischergemeinschaft-roesrath.de\/index.php?rest_route=\/wp\/v2\/pages\/53\/revisions"}],"predecessor-version":[{"id":280,"href":"https:\/\/fischergemeinschaft-roesrath.de\/index.php?rest_route=\/wp\/v2\/pages\/53\/revisions\/280"}],"wp:attachment":[{"href":"https:\/\/fischergemeinschaft-roesrath.de\/index.php?rest_route=%2Fwp%2Fv2%2Fmedia&parent=53"}],"curies":[{"name":"wp","href":"https:\/\/api.w.org\/{rel}","templated":true}]}}